{"id":428,"date":"2018-04-10T08:46:19","date_gmt":"2018-04-10T08:46:19","guid":{"rendered":"http:\/\/bridge218.qodeinteractive.com\/?page_id=5"},"modified":"2019-05-04T16:36:22","modified_gmt":"2019-05-04T16:36:22","slug":"home","status":"publish","type":"page","link":"https:\/\/www.bootshaus-havelperle.de\/","title":{"rendered":"Startseite"},"content":{"rendered":"<p>[vc_row css_animation=&#8220;&#8220; row_type=&#8220;row&#8220; use_row_as_full_screen_section=&#8220;no&#8220; type=&#8220;full_width&#8220; angled_section=&#8220;no&#8220; text_align=&#8220;left&#8220; background_image_as_pattern=&#8220;without_pattern&#8220;][vc_column][rev_slider_vc alias=&#8220;home&#8220;][\/vc_column][\/vc_row][vc_row css_animation=&#8220;&#8220; row_type=&#8220;row&#8220; use_row_as_full_screen_section=&#8220;no&#8220; type=&#8220;grid&#8220; angled_section=&#8220;no&#8220; text_align=&#8220;left&#8220; background_image_as_pattern=&#8220;without_pattern&#8220; row_negative_margin=&#8220;disable_negative_margin&#8220; css=&#8220;.vc_custom_1523618581093{margin-left: 0px !important;padding-top: 110px !important;}&#8220; z_index=&#8220;&#8220;][vc_column width=&#8220;1\/4&#8243; css=&#8220;.vc_custom_1543419366767{padding-left: 15px !important;}&#8220;][vc_column_text]<\/p>\n<h1><span style=\"color: #000000;\">Willkommen<\/span><\/h1>\n<h3>im Bootshaus Havelperle<\/h3>\n<p>[\/vc_column_text][\/vc_column][vc_column width=&#8220;3\/4&#8243; css=&#8220;.vc_custom_1543419754440{margin-bottom: 22px !important;}&#8220;][vc_empty_space height=&#8220;110px&#8220;][vc_column_text]Seit \u00fcber 60 Jahren befindet sich das Bootshaus Havelperle in Tegelort\/Oberhavel. Es liegt an der M\u00fcndung zwischen Havel und Tegeler See und ist Ausgangspunkt f\u00fcr sch\u00f6ne Paddeltouren sowie Segel und Motorbootfahrten. Es gibt alles was Sie ben\u00f6tigen, Toiletten, einen kleinen Aufenthaltsraum mit Handwaschbecken, Strom und Frischwasser auf Anfrage. Hallenst\u00e4nde f\u00fcr Kanus, Kajak und Paddelboote,sowie Wasserst\u00e4nde. Klicken Sie weiter und lassen sich \u00fcberraschen.[\/vc_column_text][\/vc_column][\/vc_row][vc_row css_animation=&#8220;&#8220; row_type=&#8220;row&#8220; use_row_as_full_screen_section=&#8220;no&#8220; type=&#8220;full_width&#8220; angled_section=&#8220;no&#8220; text_align=&#8220;left&#8220; background_image_as_pattern=&#8220;without_pattern&#8220;][vc_column][vc_empty_space height=&#8220;60px&#8220;][\/vc_column][\/vc_row]<\/p>\n","protected":false},"excerpt":{"rendered":"<p>[vc_row css_animation=&#8220;&#8220; row_type=&#8220;row&#8220; use_row_as_full_screen_section=&#8220;no&#8220; type=&#8220;full_width&#8220; angled_section=&#8220;no&#8220; text_align=&#8220;left&#8220; background_image_as_pattern=&#8220;without_pattern&#8220;][vc_column][rev_slider_vc alias=&#8220;home&#8220;][\/vc_column][\/vc_row][vc_row css_animation=&#8220;&#8220; row_type=&#8220;row&#8220; use_row_as_full_screen_section=&#8220;no&#8220; type=&#8220;grid&#8220; angled_section=&#8220;no&#8220; text_align=&#8220;left&#8220; background_image_as_pattern=&#8220;without_pattern&#8220; row_negative_margin=&#8220;disable_negative_margin&#8220; css=&#8220;.vc_custom_1523618581093{margin-left: 0px !important;padding-top: 110px !important;}&#8220; z_index=&#8220;&#8220;][vc_column width=&#8220;1\/4&#8243; css=&#8220;.vc_custom_1543419366767{padding-left: 15px !important;}&#8220;][vc_column_text] Willkommen im Bootshaus Havelperle [\/vc_column_text][\/vc_column][vc_column width=&#8220;3\/4&#8243; css=&#8220;.vc_custom_1543419754440{margin-bottom: 22px !important;}&#8220;][vc_empty_space height=&#8220;110px&#8220;][vc_column_text]Seit \u00fcber 60 Jahren befindet sich das Bootshaus Havelperle&#8230;<\/p>\n","protected":false},"author":2,"featured_media":0,"parent":0,"menu_order":0,"comment_status":"closed","ping_status":"closed","template":"full_width.php","meta":{"footnotes":""},"class_list":["post-428","page","type-page","status-publish","hentry"],"_links":{"self":[{"href":"https:\/\/www.bootshaus-havelperle.de\/index.php?rest_route=\/wp\/v2\/pages\/428","targetHints":{"allow":["GET"]}}],"collection":[{"href":"https:\/\/www.bootshaus-havelperle.de\/index.php?rest_route=\/wp\/v2\/pages"}],"about":[{"href":"https:\/\/www.bootshaus-havelperle.de\/index.php?rest_route=\/wp\/v2\/types\/page"}],"author":[{"embeddable":true,"href":"https:\/\/www.bootshaus-havelperle.de\/index.php?rest_route=\/wp\/v2\/users\/2"}],"replies":[{"embeddable":true,"href":"https:\/\/www.bootshaus-havelperle.de\/index.php?rest_route=%2Fwp%2Fv2%2Fcomments&post=428"}],"version-history":[{"count":137,"href":"https:\/\/www.bootshaus-havelperle.de\/index.php?rest_route=\/wp\/v2\/pages\/428\/revisions"}],"predecessor-version":[{"id":867,"href":"https:\/\/www.bootshaus-havelperle.de\/index.php?rest_route=\/wp\/v2\/pages\/428\/revisions\/867"}],"wp:attachment":[{"href":"https:\/\/www.bootshaus-havelperle.de\/index.php?rest_route=%2Fwp%2Fv2%2Fmedia&parent=428"}],"curies":[{"name":"wp","href":"https:\/\/api.w.org\/{rel}","templated":true}]}}